{"id":51,"date":"2024-09-02T23:26:31","date_gmt":"2024-09-02T21:26:31","guid":{"rendered":"https:\/\/ancienthotel.it\/?page_id=51"},"modified":"2024-09-04T19:26:23","modified_gmt":"2024-09-04T17:26:23","slug":"regole-della-casa","status":"publish","type":"page","link":"https:\/\/ancienthotel.it\/?page_id=51","title":{"rendered":"Regole della Casa"},"content":{"rendered":"\n<ol class=\"wp-block-list\">\n<li>Si prega di rispettare l&#8217;orario di check-in e check-out<\/li>\n\n\n\n<li>Vi invitiamo gentilmente a differenziare tutti i rifiuti utilizzando gli appositi contenitori colorati presenti in Cucina e gettarli giornalmente nei bidoni presenti in piazza<\/li>\n\n\n\n<li>Il termostato viene impostato nei termini previsti dalla legge, in caso di necessit\u00e0 vi preghiamo di contattarci, ogni variazione del termostato va comunicata<\/li>\n\n\n\n<li>Si prega di spegnere le luci e le apparecchiature elettriche prima di uscire di casa<\/li>\n\n\n\n<li>La ricarica di auto elettriche presso l&#8217;abitazione \u00e8 consentita solo su richiesta ed \u00e8 a pagamento, vi preghiamo di contattarci in caso di necessit\u00e0<\/li>\n\n\n\n<li>In estate l&#8217;acqua calda viene prodotta dallo scaldabagno presente nel bagno di servizio, l&#8217;acqua disponibile \u00e8 sufficiente per tutti se usata in modo corretto<\/li>\n\n\n\n<li>In caso di necessit\u00e0 potete pulire stufa a pellet e camini a patto che le ceneri siano fredde, in caso di necessit\u00e0 o problemi vi preghiamo di contattarci<\/li>\n\n\n\n<li>All&#8217;ingresso \u00e8 presente il contatore ed il quadro elettrico di tutta l&#8217;abitazione, in caso d&#8217;emergenza vi preghiamo di abbassare tutti gli interruttori e contattare immediatamente i servizi di emergenza al numero unico 112<\/li>\n\n\n\n<li>Accanto al cancello vicino alla porta d&#8217;ingresso della cucina \u00e8 ubicata la cassetta del GPL, vi preghiamo, in caso di emergenza di chiudere il rubinetto &#8220;Giallo&#8221; principale, in modo da scollegare la linea principale dall&#8217;abitazione<\/li>\n<\/ol>\n\n\n\n<p><strong>House Rules<\/strong><\/p>\n\n\n\n<ol class=\"wp-block-list\">\n<li>Please respect the check-in and check-out times<\/li>\n\n\n\n<li>We kindly invite you to separate all waste using the appropriate colored containers in the kitchen and throw them daily into the bins in the square.<\/li>\n\n\n\n<li>The thermostat is set within the terms established by law, if necessary please contact us, any change to the thermostat must be communicated<\/li>\n\n\n\n<li>Please turn off lights and electrical appliances before leaving home<\/li>\n\n\n\n<li>Charging of electric cars at home is allowed only on request and is subject to a fee, please contact us if necessary<\/li>\n\n\n\n<li>In summer hot water is produced by the water heater in the service bathroom, the water available is sufficient for everyone if used correctly<\/li>\n\n\n\n<li>If necessary you can clean pellet stoves and fireplaces as long as the ashes are cold, in case of need or problems please contact us<\/li>\n\n\n\n<li>At the entrance there is the meter and the electrical panel for the entire house, in case of emergency please turn down all the switches and immediately contact the emergency services on the single number 112<\/li>\n\n\n\n<li>The LPG box is located next to the gate near the entrance door of the kitchen, please, in case of emergency, close the main &#8220;Yellow&#8221; tap, in order to disconnect the main line from the house<\/li>\n<\/ol>\n\n\n\n<ol class=\"wp-block-list\"><\/ol>\n\n\n\n<p><\/p>\n","protected":false},"excerpt":{"rendered":"<p>House Rules<\/p>\n","protected":false},"author":1,"featured_media":0,"parent":0,"menu_order":0,"comment_status":"closed","ping_status":"closed","template":"","meta":{"footnotes":""},"class_list":["post-51","page","type-page","status-publish","hentry"],"_links":{"self":[{"href":"https:\/\/ancienthotel.it\/index.php?rest_route=\/wp\/v2\/pages\/51","targetHints":{"allow":["GET"]}}],"collection":[{"href":"https:\/\/ancienthotel.it\/index.php?rest_route=\/wp\/v2\/pages"}],"about":[{"href":"https:\/\/ancienthotel.it\/index.php?rest_route=\/wp\/v2\/types\/page"}],"author":[{"embeddable":true,"href":"https:\/\/ancienthotel.it\/index.php?rest_route=\/wp\/v2\/users\/1"}],"replies":[{"embeddable":true,"href":"https:\/\/ancienthotel.it\/index.php?rest_route=%2Fwp%2Fv2%2Fcomments&post=51"}],"version-history":[{"count":18,"href":"https:\/\/ancienthotel.it\/index.php?rest_route=\/wp\/v2\/pages\/51\/revisions"}],"predecessor-version":[{"id":176,"href":"https:\/\/ancienthotel.it\/index.php?rest_route=\/wp\/v2\/pages\/51\/revisions\/176"}],"wp:attachment":[{"href":"https:\/\/ancienthotel.it\/index.php?rest_route=%2Fwp%2Fv2%2Fmedia&parent=51"}],"curies":[{"name":"wp","href":"https:\/\/api.w.org\/{rel}","templated":true}]}}